[INFO] fetching crate bevy_mouse_tracking_plugin 0.5.3...
[INFO] checking bevy_mouse_tracking_plugin-0.5.3 against master#9610dfe5a9a731ced1ea4923ecbd0c57fe367898 for beta-170-4
[INFO] extracting crate bevy_mouse_tracking_plugin 0.5.3 into /workspace/builds/worker-6-tc1/source
[INFO] validating manifest of crates.io crate bevy_mouse_tracking_plugin 0.5.3 on toolchain 9610dfe5a9a731ced1ea4923ecbd0c57fe367898
[INFO] running `Command { std: CARGO_HOME="/workspace/cargo-home" RUSTUP_HOME="/workspace/rustup-home" "/workspace/cargo-home/bin/cargo" "+9610dfe5a9a731ced1ea4923ecbd0c57fe367898" "metadata" "--manifest-path" "Cargo.toml" "--no-deps", kill_on_drop: false }`
[INFO] started tweaking crates.io crate bevy_mouse_tracking_plugin 0.5.3
[INFO] finished tweaking crates.io crate bevy_mouse_tracking_plugin 0.5.3
[INFO] tweaked toml for crates.io crate bevy_mouse_tracking_plugin 0.5.3 written to /workspace/builds/worker-6-tc1/source/Cargo.toml
[INFO] crate crates.io crate bevy_mouse_tracking_plugin 0.5.3 already has a lockfile, it will not be regenerated
[INFO] running `Command { std: CARGO_HOME="/workspace/cargo-home" RUSTUP_HOME="/workspace/rustup-home" "/workspace/cargo-home/bin/cargo" "+9610dfe5a9a731ced1ea4923ecbd0c57fe367898" "fetch" "--manifest-path" "Cargo.toml", kill_on_drop: false }`
[INFO] [stderr]  Downloading crates ...
[INFO] [stderr]   Downloaded encase_derive v0.4.1
[INFO] [stderr]   Downloaded bevy_internal v0.9.1
[INFO] [stderr]   Downloaded encase_derive_impl v0.4.1
[INFO] [stderr]   Downloaded bevy_time v0.9.1
[INFO] [stderr]   Downloaded bevy_render v0.9.1
[INFO] [stderr]   Downloaded bevy_core_pipeline v0.9.1
[INFO] [stderr]   Downloaded bevy_encase_derive v0.9.1
[INFO] [stderr]   Downloaded bevy_scene v0.9.1
[INFO] [stderr]   Downloaded bevy_input v0.9.1
[INFO] [stderr]   Downloaded bevy_reflect_derive v0.9.1
[INFO] [stderr]   Downloaded serde_derive v1.0.135
[INFO] [stderr]   Downloaded bevy_pbr v0.9.1
[INFO] [stderr]   Downloaded bevy_reflect v0.9.1
[INFO] [stderr]   Downloaded tracing-subscriber v0.3.6
[INFO] [stderr]   Downloaded android_logger v0.11.3
[INFO] [stderr]   Downloaded bevy_ecs v0.9.1
[INFO] [stderr]   Downloaded bevy v0.9.1
[INFO] [stderr]   Downloaded bevy_gltf v0.9.1
[INFO] [stderr]   Downloaded bevy_diagnostic v0.9.1
[INFO] [stderr]   Downloaded bevy_mikktspace v0.9.1
[INFO] [stderr]   Downloaded bevy_render_macros v0.9.1
[INFO] [stderr]   Downloaded encase v0.4.1
[INFO] [stderr]   Downloaded bevy_core v0.9.1
[INFO] [stderr]   Downloaded bevy_hierarchy v0.9.1
[INFO] [stderr]   Downloaded bevy_transform v0.9.1
[INFO] [stderr]   Downloaded bevy_ui v0.9.1
[INFO] [stderr]   Downloaded bevy_derive v0.9.1
[INFO] [stderr]   Downloaded bevy_ecs_macros v0.9.1
[INFO] [stderr]   Downloaded bevy_tasks v0.9.1
[INFO] [stderr]   Downloaded bevy_ptr v0.9.1
[INFO] [stderr]   Downloaded bevy_macro_utils v0.9.1
[INFO] [stderr]   Downloaded bevy_utils v0.9.1
[INFO] [stderr]   Downloaded bevy_window v0.9.1
[INFO] [stderr]   Downloaded bevy_log v0.9.1
[INFO] [stderr]   Downloaded bevy_app v0.9.1
[INFO] [stderr]   Downloaded bevy_math v0.9.1
[INFO] [stderr]   Downloaded bevy_winit v0.9.1
[INFO] [stderr]   Downloaded bevy_asset v0.9.1
[INFO] [stderr]   Downloaded bevy_sprite v0.9.1
[INFO] [stderr]   Downloaded bevy_text v0.9.1
[INFO] running `Command { std: "docker" "create" "-v" "/var/lib/crater-agent-workspace/builds/worker-6-tc1/target:/opt/rustwide/target:rw,Z" "-v" "/var/lib/crater-agent-workspace/builds/worker-6-tc1/source:/opt/rustwide/workdir:ro,Z" "-v" "/var/lib/crater-agent-workspace/cargo-home:/opt/rustwide/cargo-home:ro,Z" "-v" "/var/lib/crater-agent-workspace/rustup-home:/opt/rustwide/rustup-home:ro,Z" "-e" "SOURCE_DIR=/opt/rustwide/workdir" "-e" "CARGO_TARGET_DIR=/opt/rustwide/target" "-e" "CARGO_HOME=/opt/rustwide/cargo-home" "-e" "RUSTUP_HOME=/opt/rustwide/rustup-home" "-w" "/opt/rustwide/workdir" "-m" "1610612736" "--user" "0:0" "--network" "none" "ghcr.io/rust-lang/crates-build-env/linux@sha256:19e73879b68f455e41552ea35293514db52ea292d993f571636dbffedb77a1ee" "/opt/rustwide/cargo-home/bin/cargo" "+9610dfe5a9a731ced1ea4923ecbd0c57fe367898" "metadata" "--no-deps" "--format-version=1", kill_on_drop: false }`
[INFO] [stdout] c163dd5567c9b6d2e2b21d8e45ddbd1f04553ff55e74cb95bd57946b2cc26db3
[INFO] running `Command { std: "docker" "start" "-a" "c163dd5567c9b6d2e2b21d8e45ddbd1f04553ff55e74cb95bd57946b2cc26db3", kill_on_drop: false }`
[INFO] running `Command { std: "docker" "inspect" "c163dd5567c9b6d2e2b21d8e45ddbd1f04553ff55e74cb95bd57946b2cc26db3", kill_on_drop: false }`
[INFO] running `Command { std: "docker" "rm" "-f" "c163dd5567c9b6d2e2b21d8e45ddbd1f04553ff55e74cb95bd57946b2cc26db3", kill_on_drop: false }`
[INFO] [stdout] c163dd5567c9b6d2e2b21d8e45ddbd1f04553ff55e74cb95bd57946b2cc26db3
[INFO] running `Command { std: "docker" "create" "-v" "/var/lib/crater-agent-workspace/builds/worker-6-tc1/target:/opt/rustwide/target:rw,Z" "-v" "/var/lib/crater-agent-workspace/builds/worker-6-tc1/source:/opt/rustwide/workdir:ro,Z" "-v" "/var/lib/crater-agent-workspace/cargo-home:/opt/rustwide/cargo-home:ro,Z" "-v" "/var/lib/crater-agent-workspace/rustup-home:/opt/rustwide/rustup-home:ro,Z" "-e" "SOURCE_DIR=/opt/rustwide/workdir" "-e" "CARGO_TARGET_DIR=/opt/rustwide/target" "-e" "CARGO_INCREMENTAL=0" "-e" "RUST_BACKTRACE=full" "-e" "RUSTFLAGS=--cap-lints=forbid" "-e" "RUSTDOCFLAGS=--cap-lints=forbid" "-e" "CARGO_HOME=/opt/rustwide/cargo-home" "-e" "RUSTUP_HOME=/opt/rustwide/rustup-home" "-w" "/opt/rustwide/workdir" "-m" "1610612736" "--user" "0:0" "--network" "none" "ghcr.io/rust-lang/crates-build-env/linux@sha256:19e73879b68f455e41552ea35293514db52ea292d993f571636dbffedb77a1ee" "/opt/rustwide/cargo-home/bin/cargo" "+9610dfe5a9a731ced1ea4923ecbd0c57fe367898" "check" "--frozen" "--all" "--all-targets" "--message-format=json", kill_on_drop: false }`
[INFO] [stdout] a56b39002782da15cc7af8c126cf0f2ef2acb79f625840700a7a8e26c079555c
[INFO] running `Command { std: "docker" "start" "-a" "a56b39002782da15cc7af8c126cf0f2ef2acb79f625840700a7a8e26c079555c", kill_on_drop: false }`
[INFO] [stderr]    Compiling proc-macro2 v1.0.36
[INFO] [stderr]    Compiling unicode-xid v0.2.4
[INFO] [stderr]    Compiling syn v1.0.86
[INFO] [stderr]    Compiling serde_derive v1.0.135
[INFO] [stderr]    Compiling serde v1.0.135
[INFO] [stderr]    Compiling libc v0.2.139
[INFO] [stderr]     Checking once_cell v1.17.0
[INFO] [stderr]    Compiling memchr v2.4.1
[INFO] [stderr]     Checking pin-project-lite v0.2.8
[INFO] [stderr]    Compiling futures-core v0.3.19
[INFO] [stderr]     Checking tracing-core v0.1.21
[INFO] [stderr]     Checking fixedbitset v0.4.1
[INFO] [stderr]    Compiling num-traits v0.2.14
[INFO] [stderr]    Compiling parking_lot_core v0.9.6
[INFO] [stderr]     Checking tracing v0.1.29
[INFO] [stderr]     Checking concurrent-queue v1.2.2
[INFO] [stderr]    Compiling quote v1.0.15
[INFO] [stderr]     Checking getrandom v0.2.4
[INFO] [stderr]    Compiling erased-serde v0.3.18
[INFO] [stderr]    Compiling log v0.4.14
[INFO] [stderr]     Checking ahash v0.7.6
[INFO] [stderr]     Checking futures-io v0.3.19
[INFO] [stderr]    Compiling bit-set v0.5.2
[INFO] [stderr]     Checking futures-lite v1.12.0
[INFO] [stderr]     Checking event-listener v2.5.2
[INFO] [stderr]     Checking slab v0.4.5
[INFO] [stderr]     Checking async-channel v1.6.1
[INFO] [stderr]     Checking thread_local v1.1.4
[INFO] [stderr]     Checking bevy_ptr v0.9.1
[INFO] [stderr]     Checking regex-syntax v0.6.25
[INFO] [stderr]    Compiling uuid v1.2.2
[INFO] [stderr]     Checking hashbrown v0.11.2
[INFO] [stderr]     Checking aho-corasick v0.7.18
[INFO] [stderr]    Compiling indexmap v1.8.0
[INFO] [stderr]     Checking tracing-log v0.1.2
[INFO] [stderr]     Checking async-executor v1.4.1
[INFO] [stderr]    Compiling crossbeam-utils v0.8.6
[INFO] [stderr]    Compiling parking_lot_core v0.8.5
[INFO] [stderr]     Checking libloading v0.7.3
[INFO] [stderr]     Checking bevy_tasks v0.9.1
[INFO] [stderr]    Compiling ash v0.37.2+1.3.238
[INFO] [stderr]     Checking termcolor v1.1.2
[INFO] [stderr]    Compiling khronos-egl v4.1.0
[INFO] [stderr]    Compiling crc32fast v1.3.1
[INFO] [stderr]     Checking bit-vec v0.6.3
[INFO] [stderr]     Checking codespan-reporting v0.11.1
[INFO] [stderr]     Checking regex-automata v0.1.10
[INFO] [stderr]     Checking regex v1.5.4
[INFO] [stderr]     Checking petgraph v0.6.0
[INFO] [stderr]     Checking pp-rs v0.2.1
[INFO] [stderr]     Checking spirv v0.2.0+1.5.4
[INFO] [stderr]     Checking gpu-alloc-types v0.2.0
[INFO] [stderr]     Checking gpu-descriptor-types v0.1.1
[INFO] [stderr]     Checking matchers v0.1.0
[INFO] [stderr]    Compiling num-integer v0.1.44
[INFO] [stderr]     Checking hexf-parse v0.2.1
[INFO] [stderr]    Compiling cfg_aliases v0.1.1
[INFO] [stderr]     Checking arrayvec v0.7.2
[INFO] [stderr]    Compiling wgpu-core v0.14.2
[INFO] [stderr]     Checking miniz_oxide v0.6.2
[INFO] [stderr]     Checking gpu-alloc v0.5.3
[INFO] [stderr]    Compiling toml v0.5.8
[INFO] [stderr]     Checking gpu-descriptor v0.2.2
[INFO] [stderr]    Compiling encase_derive_impl v0.4.1
[INFO] [stderr]     Checking crossbeam-channel v0.5.2
[INFO] [stderr]     Checking wgpu-types v0.14.1
[INFO] [stderr]    Compiling num-rational v0.4.1
[INFO] [stderr]     Checking glow v0.11.2
[INFO] [stderr]     Checking profiling v1.0.5
[INFO] [stderr]    Compiling anyhow v1.0.53
[INFO] [stderr]     Checking renderdoc-sys v0.7.1
[INFO] [stderr]     Checking flate2 v1.0.25
[INFO] [stderr]    Compiling bevy_macro_utils v0.9.1
[INFO] [stderr]     Checking png v0.17.7
[INFO] [stderr]     Checking color_quant v1.1.0
[INFO] [stderr]     Checking const_panic v0.2.7
[INFO] [stderr]     Checking radsort v0.1.0
[INFO] [stderr]    Compiling serde_json v1.0.78
[INFO] [stderr]     Checking ttf-parser v0.14.0
[INFO] [stderr]     Checking euclid v0.22.6
[INFO] [stderr]     Checking approx v0.5.1
[INFO] [stderr]    Compiling inflections v1.1.1
[INFO] [stderr]     Checking ab_glyph_rasterizer v0.1.5
[INFO] [stderr]     Checking itoa v1.0.1
[INFO] [stderr]     Checking ryu v1.0.9
[INFO] [stderr]     Checking svg_fmt v0.4.1
[INFO] [stderr]     Checking xi-unicode v0.3.0
[INFO] [stderr]     Checking rectangle-pack v0.4.2
[INFO] [stderr]     Checking raw-window-handle v0.4.3
[INFO] [stderr]     Checking hash32 v0.2.1
[INFO] [stderr]     Checking winit v0.27.5
[INFO] [stdout] error: Please select a feature to build for unix: `x11`, `wayland`
[INFO] [stdout]   --> /opt/rustwide/cargo-home/registry/src/index.crates.io-6f17d22bba15001f/winit-0.27.5/src/platform_impl/linux/mod.rs:10:1
[INFO] [stdout]    |
[INFO] [stdout] 10 | compile_error!("Please select a feature to build for unix: `x11`, `wayland`");
[INFO] [stdout]    | ^^^^^^^^^^^^^^^^^^^^^^^^^^^^^^^^^^^^^^^^^^^^^^^^^^^^^^^^^^^^^^^^^^^^^^^^^^^^^
[INFO] [stdout] 
[INFO] [stdout] 
[INFO] [stderr]     Checking guillotiere v0.6.2
[INFO] [stdout] error[E0392]: parameter `T` is never used
[INFO] [stdout]   --> /opt/rustwide/cargo-home/registry/src/index.crates.io-6f17d22bba15001f/winit-0.27.5/src/event_loop.rs:35:22
[INFO] [stdout]    |
[INFO] [stdout] 35 | pub struct EventLoop<T: 'static> {
[INFO] [stdout]    |                      ^ unused parameter
[INFO] [stdout]    |
[INFO] [stdout]    = help: consider removing `T`, referring to it in a field, or using a marker such as `PhantomData`
[INFO] [stdout] 
[INFO] [stdout] 
[INFO] [stdout] error[E0392]: parameter `T` is never used
[INFO] [stdout]   --> /opt/rustwide/cargo-home/registry/src/index.crates.io-6f17d22bba15001f/winit-0.27.5/src/event_loop.rs:46:34
[INFO] [stdout]    |
[INFO] [stdout] 46 | pub struct EventLoopWindowTarget<T: 'static> {
[INFO] [stdout]    |                                  ^ unused parameter
[INFO] [stdout]    |
[INFO] [stdout]    = help: consider removing `T`, referring to it in a field, or using a marker such as `PhantomData`
[INFO] [stdout] 
[INFO] [stdout] 
[INFO] [stdout] error[E0392]: parameter `T` is never used
[INFO] [stdout]    --> /opt/rustwide/cargo-home/registry/src/index.crates.io-6f17d22bba15001f/winit-0.27.5/src/event_loop.rs:350:27
[INFO] [stdout]     |
[INFO] [stdout] 350 | pub struct EventLoopProxy<T: 'static> {
[INFO] [stdout]     |                           ^ unused parameter
[INFO] [stdout]     |
[INFO] [stdout]     = help: consider removing `T`, referring to it in a field, or using a marker such as `PhantomData`
[INFO] [stdout] 
[INFO] [stdout] 
[INFO] [stdout] error[E0392]: parameter `T` is never used
[INFO] [stdout]    --> /opt/rustwide/cargo-home/registry/src/index.crates.io-6f17d22bba15001f/winit-0.27.5/src/platform_impl/linux/mod.rs:635:20
[INFO] [stdout]     |
[INFO] [stdout] 635 | pub enum EventLoop<T: 'static> {
[INFO] [stdout]     |                    ^ unused parameter
[INFO] [stdout]     |
[INFO] [stdout]     = help: consider removing `T`, referring to it in a field, or using a marker such as `PhantomData`
[INFO] [stdout] 
[INFO] [stdout] 
[INFO] [stdout] error[E0392]: parameter `T` is never used
[INFO] [stdout]    --> /opt/rustwide/cargo-home/registry/src/index.crates.io-6f17d22bba15001f/winit-0.27.5/src/platform_impl/linux/mod.rs:642:25
[INFO] [stdout]     |
[INFO] [stdout] 642 | pub enum EventLoopProxy<T: 'static> {
[INFO] [stdout]     |                         ^ unused parameter
[INFO] [stdout]     |
[INFO] [stdout]     = help: consider removing `T`, referring to it in a field, or using a marker such as `PhantomData`
[INFO] [stdout] 
[INFO] [stdout] 
[INFO] [stdout] error[E0392]: parameter `T` is never used
[INFO] [stdout]    --> /opt/rustwide/cargo-home/registry/src/index.crates.io-6f17d22bba15001f/winit-0.27.5/src/platform_impl/linux/mod.rs:769:32
[INFO] [stdout]     |
[INFO] [stdout] 769 | pub enum EventLoopWindowTarget<T> {
[INFO] [stdout]     |                                ^ unused parameter
[INFO] [stdout]     |
[INFO] [stdout]     = help: consider removing `T`, referring to it in a field, or using a marker such as `PhantomData`
[INFO] [stdout]     = help: if you intended `T` to be a const parameter, use `const T: usize` instead
[INFO] [stdout] 
[INFO] [stdout] 
[INFO] [stdout] error: aborting due to 7 previous errors
[INFO] [stdout] 
[INFO] [stdout] 
[INFO] [stdout] For more information about this error, try `rustc --explain E0392`.
[INFO] [stdout] 
[INFO] [stderr] error: could not compile `winit` (lib) due to 8 previous errors
[INFO] [stderr] warning: build failed, waiting for other jobs to finish...
[INFO] running `Command { std: "docker" "inspect" "a56b39002782da15cc7af8c126cf0f2ef2acb79f625840700a7a8e26c079555c", kill_on_drop: false }`
[INFO] running `Command { std: "docker" "rm" "-f" "a56b39002782da15cc7af8c126cf0f2ef2acb79f625840700a7a8e26c079555c", kill_on_drop: false }`
[INFO] [stdout] a56b39002782da15cc7af8c126cf0f2ef2acb79f625840700a7a8e26c079555c
